{"id":3380,"date":"2023-02-22T10:07:25","date_gmt":"2023-02-22T09:07:25","guid":{"rendered":"http:\/\/ecole-ndtreminou-plomeur.fr\/?page_id=3380"},"modified":"2026-02-14T12:15:54","modified_gmt":"2026-02-14T11:15:54","slug":"les-associations","status":"publish","type":"page","link":"https:\/\/ecole-ndtreminou-plomeur.fr\/?page_id=3380","title":{"rendered":"Les associations"},"content":{"rendered":"<p>[et_pb_section fb_built=\u00a0\u00bb1&Prime; fullwidth=\u00a0\u00bbon\u00a0\u00bb admin_label=\u00a0\u00bbHero\u00a0\u00bb _builder_version=\u00a0\u00bb4.20.0&Prime; use_background_color_gradient=\u00a0\u00bbon\u00a0\u00bb background_color_gradient_direction=\u00a0\u00bb90deg\u00a0\u00bb background_color_gradient_stops=\u00a0\u00bb#eeeff2 33%|rgba(238,239,242,0) 52%\u00a0\u00bb background_color_gradient_overlays_image=\u00a0\u00bbon\u00a0\u00bb background_color_gradient_start=\u00a0\u00bb#eeeff2&Prime; background_color_gradient_start_position=\u00a0\u00bb33%\u00a0\u00bb background_color_gradient_end=\u00a0\u00bbrgba(238,239,242,0)\u00a0\u00bb background_color_gradient_end_position=\u00a0\u00bb52%\u00a0\u00bb background_image=\u00a0\u00bbhttp:\/\/ecole-ndtreminou-plomeur.fr\/wp-content\/uploads\/2023\/05\/IMG_20230516_134311-scaled.jpg\u00a0\u00bb global_colors_info=\u00a0\u00bb{}\u00a0\u00bb][et_pb_fullwidth_header subhead=\u00a0\u00bbLes associations\u00a0\u00bb content_max_width=\u00a0\u00bb600px\u00a0\u00bb _builder_version=\u00a0\u00bb4.20.0&Prime; title_level=\u00a0\u00bbh2&Prime; title_font=\u00a0\u00bbAdvent Pro|700||on|||||\u00a0\u00bb title_text_color=\u00a0\u00bb#ff7355&Prime; title_font_size=\u00a0\u00bb16px\u00a0\u00bb title_letter_spacing=\u00a0\u00bb5px\u00a0\u00bb title_line_height=\u00a0\u00bb0.5em\u00a0\u00bb content_font=\u00a0\u00bbRubik||||||||\u00a0\u00bb content_font_size=\u00a0\u00bb18px\u00a0\u00bb subhead_font=\u00a0\u00bbAdvent Pro||||||||\u00a0\u00bb subhead_text_color=\u00a0\u00bb#0C71C3&Prime; subhead_font_size=\u00a0\u00bb50px\u00a0\u00bb subhead_line_height=\u00a0\u00bb1.5em\u00a0\u00bb background_color=\u00a0\u00bbrgba(255,255,255,0)\u00a0\u00bb use_background_color_gradient=\u00a0\u00bbon\u00a0\u00bb background_color_gradient_stops=\u00a0\u00bbrgba(255,255,255,0) 50%|rgba(255,255,255,0.7) 100%\u00a0\u00bb background_color_gradient_start=\u00a0\u00bbrgba(255,255,255,0)\u00a0\u00bb background_color_gradient_start_position=\u00a0\u00bb50%\u00a0\u00bb background_color_gradient_end=\u00a0\u00bbrgba(255,255,255,0.7)\u00a0\u00bb background_size=\u00a0\u00bbcontain\u00a0\u00bb background_position=\u00a0\u00bbbottom_center\u00a0\u00bb custom_button_one=\u00a0\u00bbon\u00a0\u00bb button_one_text_size=\u00a0\u00bb16px\u00a0\u00bb button_one_text_color=\u00a0\u00bb#ffffff\u00a0\u00bb button_one_bg_color=\u00a0\u00bb#ff7355&Prime; button_one_border_width=\u00a0\u00bb15px\u00a0\u00bb button_one_border_color=\u00a0\u00bbrgba(210,159,104,0)\u00a0\u00bb button_one_border_radius=\u00a0\u00bb100px\u00a0\u00bb button_one_letter_spacing=\u00a0\u00bb0px\u00a0\u00bb button_one_font=\u00a0\u00bbRubik|700|||||||\u00a0\u00bb button_one_use_icon=\u00a0\u00bboff\u00a0\u00bb custom_button_two=\u00a0\u00bbon\u00a0\u00bb button_two_text_size=\u00a0\u00bb16px\u00a0\u00bb button_two_text_color=\u00a0\u00bb#ffffff\u00a0\u00bb button_two_bg_color=\u00a0\u00bbrgba(0,0,0,0.6)\u00a0\u00bb button_two_border_width=\u00a0\u00bb15px\u00a0\u00bb button_two_border_color=\u00a0\u00bbrgba(210,159,104,0)\u00a0\u00bb button_two_border_radius=\u00a0\u00bb100px\u00a0\u00bb button_two_letter_spacing=\u00a0\u00bb0px\u00a0\u00bb button_two_font=\u00a0\u00bbRubik|700|||||||\u00a0\u00bb button_two_use_icon=\u00a0\u00bboff\u00a0\u00bb background_layout=\u00a0\u00bblight\u00a0\u00bb max_width_last_edited=\u00a0\u00bboff|desktop\u00a0\u00bb module_alignment=\u00a0\u00bbcenter\u00a0\u00bb custom_margin=\u00a0\u00bb|||\u00a0\u00bb custom_padding=\u00a0\u00bb8vw||4vw|\u00a0\u00bb subhead_font_size_tablet=\u00a0\u00bb\u00a0\u00bb subhead_font_size_phone=\u00a0\u00bb30px\u00a0\u00bb subhead_font_size_last_edited=\u00a0\u00bbon|phone\u00a0\u00bb button_one_border_radius_hover=\u00a0\u00bb100px\u00a0\u00bb button_two_border_radius_hover=\u00a0\u00bb100px\u00a0\u00bb button_one_bg_color_hover=\u00a0\u00bb#ff8a70&Prime; button_two_bg_color_hover=\u00a0\u00bb#ff8a70&Prime; global_colors_info=\u00a0\u00bb{}\u00a0\u00bb button_one_text_size__hover_enabled=\u00a0\u00bboff\u00a0\u00bb button_two_text_size__hover_enabled=\u00a0\u00bboff\u00a0\u00bb button_one_text_color__hover_enabled=\u00a0\u00bboff\u00a0\u00bb button_two_text_color__hover_enabled=\u00a0\u00bboff\u00a0\u00bb button_one_border_width__hover_enabled=\u00a0\u00bboff\u00a0\u00bb button_two_border_width__hover_enabled=\u00a0\u00bboff\u00a0\u00bb button_one_border_color__hover_enabled=\u00a0\u00bboff\u00a0\u00bb button_two_border_color__hover_enabled=\u00a0\u00bboff\u00a0\u00bb button_one_border_radius__hover_enabled=\u00a0\u00bbon\u00a0\u00bb button_one_border_radius__hover=\u00a0\u00bb100px\u00a0\u00bb button_two_border_radius__hover_enabled=\u00a0\u00bbon\u00a0\u00bb button_two_border_radius__hover=\u00a0\u00bb100px\u00a0\u00bb button_one_letter_spacing__hover_enabled=\u00a0\u00bboff\u00a0\u00bb button_two_letter_spacing__hover_enabled=\u00a0\u00bboff\u00a0\u00bb button_one_bg_color__hover_enabled=\u00a0\u00bbon\u00a0\u00bb button_one_bg_color__hover=\u00a0\u00bb#ff8a70&Prime; button_two_bg_color__hover_enabled=\u00a0\u00bbon\u00a0\u00bb button_two_bg_color__hover=\u00a0\u00bb#ff8a70&Prime;][\/et_pb_fullwidth_header][\/et_pb_section][et_pb_section fb_built=\u00a0\u00bb1&Prime; admin_label=\u00a0\u00bbStaff\u00a0\u00bb _builder_version=\u00a0\u00bb4.16&Prime; custom_padding=\u00a0\u00bb|||\u00a0\u00bb global_colors_info=\u00a0\u00bb{}\u00a0\u00bb][et_pb_row admin_label=\u00a0\u00bbTitle Row\u00a0\u00bb _builder_version=\u00a0\u00bb4.16&Prime; global_colors_info=\u00a0\u00bb{}\u00a0\u00bb][et_pb_column type=\u00a0\u00bb4_4&Prime; _builder_version=\u00a0\u00bb4.16&Prime; custom_padding=\u00a0\u00bb|||\u00a0\u00bb global_colors_info=\u00a0\u00bb{}\u00a0\u00bb custom_padding__hover=\u00a0\u00bb|||\u00a0\u00bb][et_pb_text _builder_version=\u00a0\u00bb4.20.0&Prime; text_font=\u00a0\u00bbRubik|500|||||||\u00a0\u00bb text_font_size=\u00a0\u00bb16px\u00a0\u00bb text_line_height=\u00a0\u00bb2em\u00a0\u00bb header_font=\u00a0\u00bbAdvent Pro||||||||\u00a0\u00bb header_2_font=\u00a0\u00bbAdvent Pro||||||||\u00a0\u00bb header_2_text_color=\u00a0\u00bb#ef2181&Prime; header_2_font_size=\u00a0\u00bb40px\u00a0\u00bb header_2_line_height=\u00a0\u00bb1.4em\u00a0\u00bb header_5_font=\u00a0\u00bbRubik|700||on|||||\u00a0\u00bb header_5_text_color=\u00a0\u00bb#2b76df\u00a0\u00bb header_5_letter_spacing=\u00a0\u00bb5px\u00a0\u00bb header_5_line_height=\u00a0\u00bb1.5em\u00a0\u00bb text_orientation=\u00a0\u00bbcenter\u00a0\u00bb max_width=\u00a0\u00bb600px\u00a0\u00bb module_alignment=\u00a0\u00bbcenter\u00a0\u00bb custom_padding=\u00a0\u00bb||0px|||\u00a0\u00bb text_line_height_last_edited=\u00a0\u00bboff|desktop\u00a0\u00bb global_colors_info=\u00a0\u00bb{}\u00a0\u00bb]<\/p>\n<h5><\/h5>\n<h2>L&rsquo;APEL<\/h2>\n<p>[\/et_pb_text][\/et_pb_column][\/et_pb_row][et_pb_row column_structure=\u00a0\u00bb2_5,3_5&Prime; _builder_version=\u00a0\u00bb4.20.0&Prime; _module_preset=\u00a0\u00bbdefault\u00a0\u00bb global_colors_info=\u00a0\u00bb{}\u00a0\u00bb][et_pb_column type=\u00a0\u00bb2_5&Prime; _builder_version=\u00a0\u00bb4.20.0&Prime; _module_preset=\u00a0\u00bbdefault\u00a0\u00bb global_colors_info=\u00a0\u00bb{}\u00a0\u00bb][\/et_pb_column][et_pb_column type=\u00a0\u00bb3_5&Prime; _builder_version=\u00a0\u00bb4.20.0&Prime; _module_preset=\u00a0\u00bbdefault\u00a0\u00bb global_colors_info=\u00a0\u00bb{}\u00a0\u00bb][et_pb_text _builder_version=\u00a0\u00bb4.21.0&Prime; _module_preset=\u00a0\u00bbdefault\u00a0\u00bb header_5_text_color=\u00a0\u00bb#0C71C3&Prime; header_5_font_size=\u00a0\u00bb18px\u00a0\u00bb custom_padding=\u00a0\u00bb||23px|||\u00a0\u00bb global_colors_info=\u00a0\u00bb{}\u00a0\u00bb]<\/p>\n<h5><strong>L&rsquo;\u00e9quipe APEL 2025-2026 :<\/strong><\/h5>\n<p><strong>\u00a0<\/strong><\/p>\n<p><strong>BUREAU<\/strong><\/p>\n<p>Copr\u00e9sidents :\u00a0 \u00a0Ga\u00ebtan AUTRET et Patrick CHAUMAT\u00a0<\/p>\n<p>Cotr\u00e9sori\u00e8res :\u00a0 \u00a0Delphine GAHINET\u00a0 et Audrey BIGER\u00a0<\/p>\n<p>Cosecr\u00e9taires :\u00a0 \u00a0Aude DIASCORN et Audrey SAVINA\u00a0<\/p>\n<p>Membres :\u00a0 \u00a0 \u00a0 \u00a0 \u00a0 Gwen BELAUBRE et Lo\u00efc MORTIER<\/p>\n<p>&nbsp;<\/p>\n<p>[\/et_pb_text][et_pb_text _builder_version=\u00a0\u00bb4.20.0&Prime; _module_preset=\u00a0\u00bbdefault\u00a0\u00bb global_colors_info=\u00a0\u00bb{}\u00a0\u00bb][\/et_pb_text][\/et_pb_column][\/et_pb_row][et_pb_row _builder_version=\u00a0\u00bb4.20.0&Prime; _module_preset=\u00a0\u00bbdefault\u00a0\u00bb global_colors_info=\u00a0\u00bb{}\u00a0\u00bb][et_pb_column type=\u00a0\u00bb4_4&Prime; _builder_version=\u00a0\u00bb4.20.0&Prime; _module_preset=\u00a0\u00bbdefault\u00a0\u00bb global_colors_info=\u00a0\u00bb{}\u00a0\u00bb][et_pb_text _builder_version=\u00a0\u00bb4.20.0&Prime; _module_preset=\u00a0\u00bbdefault\u00a0\u00bb header_4_font_size=\u00a0\u00bb21px\u00a0\u00bb global_colors_info=\u00a0\u00bb{}\u00a0\u00bb]<\/p>\n<h4>Qu&rsquo;est-ce que l&rsquo;APEL ?<\/h4>\n<p>L\u2019APEL, Association des Parents d\u2019\u00e9l\u00e8ves de l\u2019Enseignement Libre, est une association \u00e0 but non lucratif r\u00e9gie par la loi de 1901. Elle regroupe tous les parents de l\u2019\u00e9cole Notre Dame de Tr\u00e9minou qui choisissent d\u2019y adh\u00e9rer. Le conseil d\u2019administration de notre APEL est compos\u00e9 de parents b\u00e9n\u00e9voles.<\/p>\n<p>[\/et_pb_text][et_pb_text _builder_version=\u00a0\u00bb4.20.0&Prime; _module_preset=\u00a0\u00bbdefault\u00a0\u00bb header_4_font_size=\u00a0\u00bb21px\u00a0\u00bb global_colors_info=\u00a0\u00bb{}\u00a0\u00bb]<\/p>\n<h4>Les actualit\u00e9s de l&rsquo;APEL<\/h4>\n<p>Vous pouvez suivre les actions de l&rsquo;APEL sur leur site facebook: <a href=\"https:\/\/www.facebook.com\/profile.php?id=100090181957005\">https:\/\/www.facebook.com\/profile.php?id=100090181957005<\/a><\/p>\n<p>et sur instagram: <a href=\"https:\/\/www.instagram.com\/apel.treminou.plomeur\/\">https:\/\/www.instagram.com\/apel.treminou.plomeur\/<\/a><\/p>\n<p>Pour les contacter: <a href=\"mailto:apelplomeur@yahoo.com\">apelplomeur@yahoo.com<\/a><\/p>\n<p>&nbsp;<\/p>\n<p>[\/et_pb_text][et_pb_text _builder_version=\u00a0\u00bb4.20.0&Prime; text_font=\u00a0\u00bbRubik|500|||||||\u00a0\u00bb text_font_size=\u00a0\u00bb16px\u00a0\u00bb text_line_height=\u00a0\u00bb2em\u00a0\u00bb header_font=\u00a0\u00bbAdvent Pro||||||||\u00a0\u00bb header_2_font=\u00a0\u00bbAdvent Pro||||||||\u00a0\u00bb header_2_text_color=\u00a0\u00bb#ef2181&Prime; header_2_font_size=\u00a0\u00bb40px\u00a0\u00bb header_2_line_height=\u00a0\u00bb1.4em\u00a0\u00bb header_5_font=\u00a0\u00bbRubik|700||on|||||\u00a0\u00bb header_5_text_color=\u00a0\u00bb#2b76df\u00a0\u00bb header_5_letter_spacing=\u00a0\u00bb5px\u00a0\u00bb header_5_line_height=\u00a0\u00bb1.5em\u00a0\u00bb text_orientation=\u00a0\u00bbcenter\u00a0\u00bb max_width=\u00a0\u00bb600px\u00a0\u00bb module_alignment=\u00a0\u00bbcenter\u00a0\u00bb custom_padding=\u00a0\u00bb||0px|||\u00a0\u00bb text_line_height_last_edited=\u00a0\u00bboff|desktop\u00a0\u00bb global_colors_info=\u00a0\u00bb{}\u00a0\u00bb]<\/p>\n<h5><\/h5>\n<h2>L&rsquo;OGEC<\/h2>\n<p>[\/et_pb_text][\/et_pb_column][\/et_pb_row][et_pb_row column_structure=\u00a0\u00bb2_5,3_5&Prime; _builder_version=\u00a0\u00bb4.20.0&Prime; _module_preset=\u00a0\u00bbdefault\u00a0\u00bb global_colors_info=\u00a0\u00bb{}\u00a0\u00bb][et_pb_column type=\u00a0\u00bb2_5&Prime; _builder_version=\u00a0\u00bb4.20.0&Prime; _module_preset=\u00a0\u00bbdefault\u00a0\u00bb global_colors_info=\u00a0\u00bb{}\u00a0\u00bb][et_pb_image src=\u00a0\u00bbhttp:\/\/ecole-ndtreminou-plomeur.fr\/wp-content\/uploads\/2023\/05\/IMG_20230516_134343-scaled.jpg\u00a0\u00bb title_text=\u00a0\u00bbIMG_20230516_134343&Prime; _builder_version=\u00a0\u00bb4.20.0&Prime; _module_preset=\u00a0\u00bbdefault\u00a0\u00bb global_colors_info=\u00a0\u00bb{}\u00a0\u00bb][\/et_pb_image][\/et_pb_column][et_pb_column type=\u00a0\u00bb3_5&Prime; _builder_version=\u00a0\u00bb4.20.0&Prime; _module_preset=\u00a0\u00bbdefault\u00a0\u00bb global_colors_info=\u00a0\u00bb{}\u00a0\u00bb][et_pb_text _builder_version=\u00a0\u00bb4.21.0&Prime; _module_preset=\u00a0\u00bbdefault\u00a0\u00bb header_5_text_color=\u00a0\u00bb#0C71C3&Prime; header_5_font_size=\u00a0\u00bb18px\u00a0\u00bb hover_enabled=\u00a0\u00bb0&Prime; global_colors_info=\u00a0\u00bb{}\u00a0\u00bb sticky_enabled=\u00a0\u00bb0&Prime;]<\/p>\n<h5><strong>L&rsquo;\u00e9quipe OGEC 2025-2026<\/strong><\/h5>\n<p>Christophe COLLIN (pr\u00e9sident),<\/p>\n<p>Guillaume ANDREAU (vice-pr\u00e9sident),\u00a0<\/p>\n<p>St\u00e9phane COSQUER (tr\u00e9sorier),<\/p>\n<p>Ang\u00e9lique LE DREAU (secr\u00e9taire),<\/p>\n<p>Marjorie LE PAPE (secr\u00e9taire-adjointe),<\/p>\n<p>Catherine DIASCORN (membre), Alexandra LESCOAT (membre) et Claire PORTAL (membre).<\/p>\n<p>&nbsp;<\/p>\n<p>[\/et_pb_text][\/et_pb_column][\/et_pb_row][et_pb_row _builder_version=\u00a0\u00bb4.20.0&Prime; _module_preset=\u00a0\u00bbdefault\u00a0\u00bb global_colors_info=\u00a0\u00bb{}\u00a0\u00bb][et_pb_column type=\u00a0\u00bb4_4&Prime; _builder_version=\u00a0\u00bb4.20.0&Prime; _module_preset=\u00a0\u00bbdefault\u00a0\u00bb global_colors_info=\u00a0\u00bb{}\u00a0\u00bb][et_pb_text _builder_version=\u00a0\u00bb4.20.0&Prime; _module_preset=\u00a0\u00bbdefault\u00a0\u00bb header_4_font_size=\u00a0\u00bb21px\u00a0\u00bb global_colors_info=\u00a0\u00bb{}\u00a0\u00bb]<\/p>\n<h4>Qu&rsquo;est-ce que l&rsquo;OGEC ?<\/h4>\n<p>Les O.G.E.C. (Organismes de Gestion des Ecoles Catholiques) sont des associations r\u00e9gies par la loi de 1901. Initi\u00e9es par l\u2019Enseignement Catholique, elles sont au service des \u00e9tablissements. Elles leur donnent une existence juridique, c\u2019est-\u00e0-dire une personnalit\u00e9 morale.<\/p>\n<div class=\"template-page content  av-content-small alpha units\">\n<div class=\"post-entry post-entry-type-page post-entry-122\">\n<div class=\"entry-content-wrapper clearfix\">\n<section class=\"av_textblock_section av-jt03v6di-68cecfd68bc8ce8555e088aade5e7e61\" itemscope=\"itemscope\" itemtype=\"https:\/\/schema.org\/CreativeWork\">\n<div class=\"avia_textblock\" itemprop=\"text\">\n<h4>Quelles sont les missions de notre OGEC ?<\/h4>\n<p>\u2666 Un gestionnaire :<\/p>\n<p style=\"text-align: justify;\">Avec l\u2019aide du chef d&rsquo;\u00e9tablissement et d&rsquo;Isabelle Andro (secr\u00e9taire comptable), l\u2019OGEC r\u00e9alise le calcul et le suivi du budget, la tenue des comptes, la d\u00e9termination de la contribution demand\u00e9e aux familles, du prix de la cantine, l\u2019emploi et le suivi des versements \u00e0 la charge de l\u2019\u00e9tat et des collectivit\u00e9s territoriales, le paiement des charges de fonctionnement de l\u2019\u00e9tablissement, la souscription et la r\u00e9vision des assurances. En ce qui concerne la gestion des locaux, l\u2019O.G.E.C. doit veiller \u00e0 leur entretien, \u00e0 leur r\u00e9novation, \u00e0 leur am\u00e9nagement et \u00e0 leur agrandissement. Il doit \u00e9galement se pr\u00e9occuper des questions d\u2019hygi\u00e8ne et de s\u00e9curit\u00e9.<\/p>\n<p>\u2666 Un employeur :<\/p>\n<p style=\"text-align: justify;\">L\u2019O.G.E.C. signe le contrat de travail de tous les personnels de droit priv\u00e9 de l\u2019\u00e9tablissement qu\u2019il r\u00e9mun\u00e8re directement, celui du Chef d\u2019\u00e9tablissement mais aussi ceux de tous les autres personnels de l\u2019\u00e9tablissement, \u00e0 l\u2019exception des enseignants.<\/p>\n<p style=\"text-align: justify;\">\n<\/div>\n<\/section>\n<section class=\"av_textblock_section av-jt03vqp2-635e62f4c39fe024a3002e088e31df45\" itemscope=\"itemscope\" itemtype=\"https:\/\/schema.org\/CreativeWork\">\n<div class=\"avia_textblock\" itemprop=\"text\">\n<h4>Qui le compose ?<\/h4>\n<p style=\"text-align: justify;\">Des membres de droit et des membres \u00e9lus. Les premiers sont le responsable de la tutelle dioc\u00e9saine, le pr\u00e9sident de l\u2019association des parents d\u2019\u00e9l\u00e8ves de l\u2019enseignement libre (A.P.E.L.) ou son repr\u00e9sentant, le pr\u00e9sident de l\u2019union d\u00e9partementale des O.G.E.C. (U.D.O.G.E.C.) ou son repr\u00e9sentant. Quant aux seconds, ce sont des parents d\u2019\u00e9l\u00e8ves, des amis de l\u2019\u00e9tablissement ou d\u2019anciens \u00e9l\u00e8ves, pr\u00eats \u00e0 consacrer une partie de leur temps \u00e0 l\u2019\u00e9tablissement.<\/p>\n<\/div>\n<\/section>\n<\/div>\n<\/div>\n<\/div>\n<div id=\"after_section_1\" class=\"main_color av_default_container_wrap container_wrap sidebar_right\">\n<div class=\"container av-section-cont-open\">\n<div class=\"template-page content  av-content-small alpha units\">\n<div class=\"post-entry post-entry-type-page post-entry-122\">\n<div class=\"entry-content-wrapper clearfix\">\n<section class=\"av_textblock_section av-jt03v6di-68cecfd68bc8ce8555e088aade5e7e61\" itemscope=\"itemscope\" itemtype=\"https:\/\/schema.org\/CreativeWork\">\n<div class=\"avia_textblock\" itemprop=\"text\"><\/div>\n<\/section>\n<\/div>\n<\/div>\n<\/div>\n<\/div>\n<\/div>\n<p>&nbsp;<\/p>\n<p>&nbsp;<\/p>\n<p>[\/et_pb_text][\/et_pb_column][\/et_pb_row][\/et_pb_section]<\/p>\n","protected":false},"excerpt":{"rendered":"<p>L&rsquo;APELL&rsquo;\u00e9quipe APEL 2025-2026 : \u00a0 BUREAU Copr\u00e9sidents :\u00a0 \u00a0Ga\u00ebtan AUTRET et Patrick CHAUMAT\u00a0 Cotr\u00e9sori\u00e8res :\u00a0 \u00a0Delphine GAHINET\u00a0 et Audrey BIGER\u00a0 Cosecr\u00e9taires :\u00a0 \u00a0Aude DIASCORN et Audrey SAVINA\u00a0 Membres :\u00a0 \u00a0 \u00a0 \u00a0 \u00a0 Gwen BELAUBRE et Lo\u00efc MORTIER &nbsp;Qu&rsquo;est-ce que l&rsquo;APEL ? L\u2019APEL, Association des Parents d\u2019\u00e9l\u00e8ves de l\u2019Enseignement Libre, est une association \u00e0 but [&hellip;]<\/p>\n","protected":false},"author":1,"featured_media":0,"parent":0,"menu_order":0,"comment_status":"closed","ping_status":"closed","template":"","meta":{"_et_pb_use_builder":"on","_et_pb_old_content":"","_et_gb_content_width":"","footnotes":""},"class_list":["post-3380","page","type-page","status-publish","hentry"],"_links":{"self":[{"href":"https:\/\/ecole-ndtreminou-plomeur.fr\/index.php?rest_route=\/wp\/v2\/pages\/3380","targetHints":{"allow":["GET"]}}],"collection":[{"href":"https:\/\/ecole-ndtreminou-plomeur.fr\/index.php?rest_route=\/wp\/v2\/pages"}],"about":[{"href":"https:\/\/ecole-ndtreminou-plomeur.fr\/index.php?rest_route=\/wp\/v2\/types\/page"}],"author":[{"embeddable":true,"href":"https:\/\/ecole-ndtreminou-plomeur.fr\/index.php?rest_route=\/wp\/v2\/users\/1"}],"replies":[{"embeddable":true,"href":"https:\/\/ecole-ndtreminou-plomeur.fr\/index.php?rest_route=%2Fwp%2Fv2%2Fcomments&post=3380"}],"version-history":[{"count":15,"href":"https:\/\/ecole-ndtreminou-plomeur.fr\/index.php?rest_route=\/wp\/v2\/pages\/3380\/revisions"}],"predecessor-version":[{"id":3910,"href":"https:\/\/ecole-ndtreminou-plomeur.fr\/index.php?rest_route=\/wp\/v2\/pages\/3380\/revisions\/3910"}],"wp:attachment":[{"href":"https:\/\/ecole-ndtreminou-plomeur.fr\/index.php?rest_route=%2Fwp%2Fv2%2Fmedia&parent=3380"}],"curies":[{"name":"wp","href":"https:\/\/api.w.org\/{rel}","templated":true}]}}